)). Let y(k) = 2*k**2 - 2*k - 8. Let n be y(8). What is the highest common divisor of i and n?
13
Let p be 30 + (-2)/8 + 10/40. Calculate the highest common factor of 15 and p.
15
Let a = -38 + 47. What is the highest common factor of 9 and a?
9
Let a = 37 + -34. Calculate the greatest common divisor of a and 21.
3
Let p = -230 - -242. Let z = 1 - 2. Let c(o) = 11*o**2 + 1. Let b be c(z). Calculate the greatest common factor of b and p.
12
Suppose 4*u - 9 - 39 = 0. Let q = 21 - u. Calculate the highest common factor of 99 and q.
9
Suppose 0 = -2*r - 5*i + 50, r - 28 = -0*r - i. What is the highest common divisor of r and 15?
15
Let z(r) = 3*r**2 - 4*r - 6. Let k be z(8). Let o be k/33*(-18)/(-7). What is the greatest common divisor of 84 and o?
12
Let h = 11 + -1. Suppose 0 = 2*j - 60 + 20. Suppose 4*g = -t - 0*t + j, 2*g + 2*t - 16 = 0. What is the greatest common factor of g and h?
2
Let f be (-1 - 0) + -2 + 33. What is the highest common divisor of f and 15?
15
Let j(m) = -2*m + 5. Let k(r) = -r + 3. Let u(t) = -6*j(t) + 11*k(t). Let l be u(7). What is the greatest common factor of 15 and l?
5
Let s be (-12)/16*(-8)/((-4)/(-2)). Calculate the highest common factor of 24 and s.
3
Let i be (-1 - 1) + 2 + -13. Suppose 5*s = -23 - 7. Let a = s - i. Calculate the greatest common divisor of 77 and a.
7
Suppose 6*b = -5*p + 2*b + 22, 24 = 5*p + 3*b. Suppose -p = -2*v, 0*s + 41 = 5*s - 3*v. What is the highest common factor of s and 5?
5
Let k = -22 - -62. What is the greatest common divisor of 5 and k?
5
Let d(u) be the first derivative of -u**4/4 - 8*u**3/3 - 9*u**2/2 - 12*u + 2. Let y be d(-8). What is the greatest common factor of y and 15?
15
Suppose 0 = -3*d + 532 + 83. Let r = d - 110. What is the greatest common factor of r and 19?
19
Suppose -5*v + 12 = -v + 4*y, 2*v + y = 5. Let g be (1 - 0)*(2 - 2). Let r be g - (2 + -1) - -3. Calculate the highest common factor of r and v.
2
Suppose -3*r + 4*r = 264. What is the greatest common factor of 33 and r?
33
Let d(w) = 11*w**2 + w. Let g be d(1). Let r(h) = 2*h**2 + h + 4. Let z be r(0). Calculate the highest common factor of z and g.
4
Let z(p) = -p**3 - 7*p**2 - 3*p - 3. Let d be z(-7). Suppose 7*w - d - 17 = 0. What is the highest common factor of 1 and w?
1
Let l = -73 + 84. Suppose -2*j + 4 = -150. What is the greatest common factor of j and l?
11
Let i be (-2)/(-1) + 3 + -2. What is the highest common divisor of i and 33?
3
Suppose 28*x - 12 = 27*x. Let f(q) = 2*q**2 + 2*q + 2. Let r be f(-2). What is the greatest common divisor of r and x?
6
Suppose 3*x = -4*y + 44 + 20, 4*x - 3*y - 77 = 0. Calculate the highest common divisor of x and 30.
10
Suppose -h = -3*h - 3*g + 337, -4*h = -4*g - 724. Calculate the greatest common factor of h and 11.
11
Suppose 0 = -5*b + 112 + 13. Let u = 341 + -66. What is the highest common divisor of b and u?
25
Suppose -2*g + 2*d = 3*d - 19, -d + 11 = g. Calculate the highest common factor of g and 72.
8
Let a be ((-5)/(25/(-24)))/(6/20). What is the greatest common divisor of a and 72?
8
Suppose 4*r + 4 = 8*r. Suppose 4*p + 0 = -o + 1, 2*p = -3*o - 7. Let q be (-10)/(r/((-1)/p)). What is the highest common divisor of 50 and q?
10
Let m = -3 + 4. Suppose 4*t = -4*s - 20, -2*t + 20 = -7*t. Let r = m - s. Calculate the highest common factor of r and 8.
2
Let i = 312 + -193. What is the greatest common divisor of i and 17?
17
Suppose 0 = -4*r + r + 24. Suppose -10 + 66 = t. Calculate the highest common divisor of r and t.
8
Suppose 7*x = 3*x + 32. Let w = -1 - -4. Suppose w*z = -2*q + 262, -178 = -2*z - 4*q + 6*q. Calculate the greatest common divisor of z and x.
8
Suppose 3*b + b - x = -127, -3*b - x - 97 = 0. Let f = b + 48. Suppose 10*v - 243 = 1197. Calculate the highest common factor of v and f.
16
Suppose 0 = 33*w - 27*w - 594. Calculate the greatest common divisor of 11 and w.
11
Let k = -156 - -261. Calculate the highest common divisor of 21 and k.
21
Let r be 4/14 + (-600)/42. Let u be (r/(-1))/(1 - -1). What is the highest common factor of 28 and u?
7
Let k(g) = -g**3 - 16*g**2 + 4*g - 2. Let z be k(-16). Let a = z + 129. Let w(b) = b + 3. Let q be w(4). What is the greatest common divisor of q and a?
7
Let j = -2 - -7. Suppose -5*m - 5*c = 29 - 204, -3*m - j*c = -95. What is the greatest common factor of 10 and m?
10
Suppose -4*r + 5*q = -57, -2*r = -6*r - 4*q + 12. Let z = r + -4. Suppose -f = -3*w - 117, f + z*w = -w + 93. Calculate the greatest common divisor of f and 12.
12
Let h = -2 - -2. Let y be -3 + (-3 - 8) + h. Let b be 120/28 + 4/y. What is the greatest common divisor of b and 1?
1
Let j(i) = -i**2 - 6*i + 4. Let h be j(-6). Suppose -5*l + h = -4*l. Suppose -5*g + 8 = n, -n = 4*n - l*g - 156. What is the greatest common divisor of n and 4?
4
Let q(s) = 9*s**2 - 4*s - 6. Let r be q(-4). Calculate the highest common factor of 14 and r.
14
Suppose 9*k - 305 = 289. Calculate the highest common factor of k and 33.
33
Let y(h) = h**3 + 11*h**2 - 5*h + 11. Let a be y(-11). Let i be a/2 + (-12)/4. Suppose -b = -0*b - i. Calculate the greatest common divisor of 10 and b.
10
Suppose 3*q = -49 + 409. Calculate the highest common divisor of 15 and q.
15
Suppose -5*q = -3*d + 19, 4*q + 35 = 4*d + 7*q. Suppose 5*b - 3*r - 127 = 0, b - 15 - d = 3*r. What is the highest common divisor of 65 and b?
13
Let i = 58 + -7. Calculate the greatest common factor of 34 and i.
17
Let s = -228 - -345. Suppose 2*p = -3*g + 4, -2 - 6 = 5*p + 3*g. Let w = 9 - p. What is the greatest common factor of s and w?
13
Suppose 3*j - 4*j = 0. Let l(c) = -c + 12. Let f be l(j). What is the highest common factor of 96 and f?
12
Suppose 145 - 35 = 5*k. What is the greatest common divisor of k and 44?
22
Let k be 5/((-2 - -3)/(-6)). Let d = -21 - k. Let n(b) = -b**3 - 7*b**2 - 7*b - 4. Let g be n(-7). Calculate the highest common divisor of g and d.
9
Suppose -5*d + 8*d + 30 = 0. Let z = -23 - -57. Let i = z + d. What is the highest common factor of 16 and i?
8
Let g = 85 - 25. Let v = -7 - -31. What is the greatest common divisor of g and v?
12
Let r(b) = 2*b**2 - 7*b + 4. Let q be r(4). Let z = 45 - 83. Let n = z + 94. What is the highest common divisor of q and n?
8
Let y = -94 + 182. Calculate the highest common divisor of y and 8.
8
Let n = 55 + 15. Calculate the highest common factor of 175 and n.
35
Let r = 202 - 104. What is the greatest common factor of r and 14?
14
Suppose 3*a + 22 = -5*p, -3*a + p + 2 + 6 = 0. What is the highest common divisor of a and 5?
1
Let l(o) = -o**2. Let b(u) = 2*u**2 + 11*u + 3. Let z(m) = b(m) + 3*l(m). Let y be z(8). What is the greatest common factor of 243 and y?
27
Suppose 7*t = 9*t - 8. Suppose t*g = -0*g + 224. What is the highest common divisor of g and 7?
7
Suppose 11*t = 5*t + 720. Calculate the highest common divisor of t and 80.
40
Let t(p) = 12*p + 11. Let y be t(11). Suppose -n - 60 = -5*q - 2*n, 0 = -5*n - 25. Calculate the greatest common factor of q and y.
13
Let m(i) = 8*i**3 + i**2 - 1. Let x be m(1). Let z = 0 - -2. Suppose -o - d - 2*d = z, -10 = -5*o - 5*d. What is the greatest common factor of x and o?
4
Suppose 0 = 4*d - d - 138. Let l = 82 - d. Calculate the greatest common divisor of 9 and l.
9
Suppose -8*a = 293 - 741. Calculate the highest common factor of a and 24.
8
Let i be 37/3 + (-1)/3. Suppose -2*h = -h - 4. Suppose -2*l = -h*l + 24. What is the highest common divisor of i and l?
12
Let a be (-30)/25*15/(-2). What is the greatest common divisor of a and 1?
1
Suppose 7*o = 4*o + 39. Calculate the greatest common factor of 65 and o.
13
Let i = 7 + 3. Suppose -5*m + i = -0*m, 3*y - 38 = 2*m. Calculate the greatest common divisor of 126 and y.
14
Let z be ((-20)/6)/(2/(-6)). Suppose -2*b = 5*q - 41, -3*b - q - q = -34. Let p be -3 + b + (-2 - -1). Calculate the greatest common divisor of z and p.
2
Let y be (-3 - (-2 - 2)) + -1 - -13. Calculate the greatest common divisor of y and 117.
13
Let d = 165 + -125. Calculate the highest common divisor of 70 and d.
10
Let a(k) = 4*k**2 + 8*k + 10. Let z be a(-2). What is the highest common divisor of z and 10?
10
Let r = 2 - -131. Let k = 245 - r. Calculate the greatest common divisor of 14 and k.
14
Let g = 53 + -37. Calculate the highest common factor of 48 and g.
16